{"id":1416,"date":"2021-04-19T16:08:42","date_gmt":"2021-04-19T14:08:42","guid":{"rendered":"http:\/\/udlejerforeningen-svendborg.dk\/?page_id=1416"},"modified":"2021-05-12T15:34:28","modified_gmt":"2021-05-12T13:34:28","slug":"foreningens-historie-festskrift","status":"publish","type":"page","link":"https:\/\/udlejerforeningen-svendborg.dk\/?page_id=1416","title":{"rendered":"Foreningens historie"},"content":{"rendered":"<div class=\"fusion-fullwidth fullwidth-box fusion-builder-row-1 fusion-flex-container nonhundred-percent-fullwidth non-hundred-percent-height-scrolling\" style=\"background-color: #ffffff;background-position: center center;background-repeat: no-repeat;border-width: 0px 0px 0px 0px;border-color:#eae9e9;border-style:solid;\" ><div class=\"fusion-builder-row fusion-row fusion-flex-align-items-flex-start\" style=\"max-width:1289.6px;margin-left: calc(-4% \/ 2 );margin-right: calc(-4% \/ 2 );\"><div class=\"fusion-layout-column fusion_builder_column fusion-builder-column-0 fusion_builder_column_1_1 1_1 fusion-flex-column\"><div class=\"fusion-column-wrapper fusion-flex-justify-content-flex-start fusion-content-layout-column\" style=\"background-position:left top;background-repeat:no-repeat;-webkit-background-size:cover;-moz-background-size:cover;-o-background-size:cover;background-size:cover;padding: 0px 0px 0px 0px;\"><div class=\"fusion-text fusion-text-1\" style=\"transform:translate3d(0,0,0);\"><h1 data-fontsize=\"34\" data-lineheight=\"47.6px\" class=\"fusion-responsive-typography-calculated\" style=\"--fontSize:34; line-height: 1.4;\">Foreningens historie &#8211; Festskrift<\/h1>\n<p>I forbindelse med foreningens 100 \u00e5rs jubil\u00e6um i 2000 udgav foreningen et Festskrift som beskriver foreningens historie og virke. Bogen kan l\u00e6ses ved at klikke p\u00e5 nedenst\u00e5ende billede.<\/p>\n<\/div><div ><span class=\" fusion-imageframe imageframe-none imageframe-1 hover-type-none\"><a class=\"fusion-no-lightbox\" href=\"https:\/\/udlejerforeningen-svendborg.dk\/wp-content\/uploads\/2021\/04\/Svendborg_Grundejerforening_Festskrift.pdf\" target=\"_self\" aria-label=\"Fest skrift\"><img decoding=\"async\" width=\"223\" height=\"300\" alt=\"Festskrift I PDF\" src=\"https:\/\/udlejerforeningen-svendborg.dk\/wp-content\/uploads\/2021\/05\/Fest-skrift-223x300.png\" class=\"img-responsive wp-image-1502\" srcset=\"https:\/\/udlejerforeningen-svendborg.dk\/wp-content\/uploads\/2021\/05\/Fest-skrift-200x269.png 200w, https:\/\/udlejerforeningen-svendborg.dk\/wp-content\/uploads\/2021\/05\/Fest-skrift-400x537.png 400w, https:\/\/udlejerforeningen-svendborg.dk\/wp-content\/uploads\/2021\/05\/Fest-skrift-600x806.png 600w, https:\/\/udlejerforeningen-svendborg.dk\/wp-content\/uploads\/2021\/05\/Fest-skrift.png 620w\" sizes=\"(max-width: 1024px) 100vw, (max-width: 640px) 100vw, 223px\" \/><\/a><\/span><\/div><\/div><\/div><style type=\"text\/css\">.fusion-body .fusion-builder-column-0{width:100% !important;margin-top : 0px;margin-bottom : 20px;}.fusion-builder-column-0 > .fusion-column-wrapper {padding-top : 0px !important;padding-right : 0px !important;margin-right : 1.92%;padding-bottom : 0px !important;padding-left : 0px !important;margin-left : 1.92%;}@media only screen and (max-width:1024px) {.fusion-body .fusion-builder-column-0{width:100% !important;order : 0;}.fusion-builder-column-0 > .fusion-column-wrapper {margin-right : 1.92%;margin-left : 1.92%;}}@media only screen and (max-width:640px) {.fusion-body .fusion-builder-column-0{width:100% !important;order : 0;}.fusion-builder-column-0 > .fusion-column-wrapper {margin-right : 1.92%;margin-left : 1.92%;}}<\/style><\/div><style type=\"text\/css\">.fusion-body .fusion-flex-container.fusion-builder-row-1{ padding-top : 0px;margin-top : 0px;padding-right : 0px;padding-bottom : 0px;margin-bottom : 0px;padding-left : 0px;}<\/style><\/div>\n","protected":false},"excerpt":{"rendered":"","protected":false},"author":1,"featured_media":0,"parent":1362,"menu_order":0,"comment_status":"closed","ping_status":"closed","template":"","meta":{"footnotes":""},"class_list":["post-1416","page","type-page","status-publish","hentry"],"_links":{"self":[{"href":"https:\/\/udlejerforeningen-svendborg.dk\/index.php?rest_route=\/wp\/v2\/pages\/1416","targetHints":{"allow":["GET"]}}],"collection":[{"href":"https:\/\/udlejerforeningen-svendborg.dk\/index.php?rest_route=\/wp\/v2\/pages"}],"about":[{"href":"https:\/\/udlejerforeningen-svendborg.dk\/index.php?rest_route=\/wp\/v2\/types\/page"}],"author":[{"embeddable":true,"href":"https:\/\/udlejerforeningen-svendborg.dk\/index.php?rest_route=\/wp\/v2\/users\/1"}],"replies":[{"embeddable":true,"href":"https:\/\/udlejerforeningen-svendborg.dk\/index.php?rest_route=%2Fwp%2Fv2%2Fcomments&post=1416"}],"version-history":[{"count":5,"href":"https:\/\/udlejerforeningen-svendborg.dk\/index.php?rest_route=\/wp\/v2\/pages\/1416\/revisions"}],"predecessor-version":[{"id":1504,"href":"https:\/\/udlejerforeningen-svendborg.dk\/index.php?rest_route=\/wp\/v2\/pages\/1416\/revisions\/1504"}],"up":[{"embeddable":true,"href":"https:\/\/udlejerforeningen-svendborg.dk\/index.php?rest_route=\/wp\/v2\/pages\/1362"}],"wp:attachment":[{"href":"https:\/\/udlejerforeningen-svendborg.dk\/index.php?rest_route=%2Fwp%2Fv2%2Fmedia&parent=1416"}],"curies":[{"name":"wp","href":"https:\/\/api.w.org\/{rel}","templated":true}]}}