{"id":1420,"date":"2021-04-19T16:11:17","date_gmt":"2021-04-19T14:11:17","guid":{"rendered":"http:\/\/udlejerforeningen-svendborg.dk\/?page_id=1420"},"modified":"2025-05-06T13:57:43","modified_gmt":"2025-05-06T11:57:43","slug":"foreningens-love","status":"publish","type":"page","link":"https:\/\/udlejerforeningen-svendborg.dk\/?page_id=1420","title":{"rendered":"Foreningens love"},"content":{"rendered":"<div class=\"fusion-fullwidth fullwidth-box fusion-builder-row-1 fusion-flex-container nonhundred-percent-fullwidth non-hundred-percent-height-scrolling\" style=\"background-color: #ffffff;background-position: center center;background-repeat: no-repeat;border-width: 0px 0px 0px 0px;border-color:#eae9e9;border-style:solid;\" ><div class=\"fusion-builder-row fusion-row fusion-flex-align-items-flex-start\" style=\"max-width:1289.6px;margin-left: calc(-4% \/ 2 );margin-right: calc(-4% \/ 2 );\"><div class=\"fusion-layout-column fusion_builder_column fusion-builder-column-0 fusion_builder_column_1_1 1_1 fusion-flex-column\"><div class=\"fusion-column-wrapper fusion-flex-justify-content-flex-start fusion-content-layout-column\" style=\"background-position:left top;background-repeat:no-repeat;-webkit-background-size:cover;-moz-background-size:cover;-o-background-size:cover;background-size:cover;padding: 0px 0px 0px 0px;\"><div class=\"fusion-text fusion-text-1\" style=\"transform:translate3d(0,0,0);\"><table border=\"0\" cellspacing=\"0\" cellpadding=\"0\" style=\"text-align: center;\">\n<tbody>\n<tr>\n<td class=\"design_content\">\n<h1 class=\"design_pageheadline fusion-responsive-typography-calculated\" style=\"text-align: center; --fontsize: 34; line-height: 1.4; --fontSize: 34;\" data-fontsize=\"34\" data-lineheight=\"47.6px\">Foreningens vedt\u00e6gter<\/h1>\n<\/p>\n<p style=\"text-align: center;\"><b data-fusion-font=\"true\" style=\"\"><span style=\"font-size: 27px;\">Vedt\u00e6gter for<br \/><\/span><\/b><b style=\"font-size: 24px; background-color: transparent; color: var(--body_typography-color); font-family: var(--body_typography-font-family); font-style: var(--body_typography-font-style,normal); letter-spacing: var(--body_typography-letter-spacing);\">Udlejerforeningen Svendborg<br \/><\/b><b style=\"background-color: transparent; color: var(--body_typography-color); font-family: var(--body_typography-font-family); font-style: var(--body_typography-font-style,normal); letter-spacing: var(--body_typography-letter-spacing);\"><span style=\"font-size: 24px;\">CVR-nr. 1395563<br \/><\/span><\/b><span style=\"background-color: transparent; color: var(--body_typography-color); font-family: var(--body_typography-font-family); font-size: 20px; font-style: var(--body_typography-font-style,normal); font-weight: bold; letter-spacing: var(--body_typography-letter-spacing); text-align: left;\"><\/span><\/p>\n<p style=\"padding-left: 40px;\">1. Navn og hjemsted<\/p>\n<p><b style=\"background-color: transparent; color: var(--body_typography-color); font-family: var(--body_typography-font-family); font-style: var(--body_typography-font-style,normal); letter-spacing: var(--body_typography-letter-spacing);\"><span style=\"font-size: 24px;\"><\/span><\/b><\/p>\n<p style=\"text-align: left; padding-left: 40px;\"><span style=\"background-color: transparent; color: var(--body_typography-color); font-family: var(--body_typography-font-family); font-size: var(--body_typography-font-size); font-style: var(--body_typography-font-style,normal); font-weight: var(--body_typography-font-weight); letter-spacing: var(--body_typography-letter-spacing);\">1.1\tForeningens navn er Udlejerforeningen Svendborg.<\/span><\/p>\n<p style=\"text-align: left; padding-left: 40px;\">1.2\tForeningens hjemsted er Svendborg Kommune.<\/p>\n<p style=\"text-align: left; padding-left: 40px; font-size: 21px;\" data-fusion-font=\"true\"><b>2. Form\u00e5l<\/b><\/p>\n<p style=\"text-align: left; padding-left: 40px;\">2.1\tForeningens form\u00e5l er at varetage udlejernes tarv i Svendborg og de omkringliggende kommuner. I overensstemmelse hermed har foreningen s\u00e6rlig til opgave:<\/p>\n<p style=\"text-align: left; padding-left: 40px;\">2.2\tat varetage udlejerens f\u00e6lles interesser overfor lovgivningsmagten, statens organer og de kommunale myndigheder, <\/p>\n<p style=\"text-align: left; padding-left: 40px;\">2.3\tat virke for at udlejernes berettigede interesser repr\u00e6senteres ved valg til kommunalbestyrelser og bes\u00e6ttelse af pladser i n\u00e6vn, kommissioner og andre institutioner, der s\u00e6rlig ber\u00f8rer udlejerstanden,<\/p>\n<p style=\"text-align: left; padding-left: 40px;\">2.4\tat f\u00f8lge administrationen af de love, som ber\u00f8rer udlejernes interesser, <\/p>\n<p style=\"text-align: left; padding-left: 40px;\">2.5\tat yde bistand til foreningens medlemmer ved h\u00e5ndh\u00e6velsen af deres rettigheder eller andre berettigede interesser s\u00e5vel juridiske som tekniske.<\/p>\n<p style=\"padding-left: 40px;\">\n<p style=\"padding-left: 40px;\">\n<p style=\"text-align: left; padding-left: 40px;\"><b data-fusion-font=\"true\" style=\"font-size: 20px;\">3. Medlem<\/b><\/p>\n<p style=\"text-align: left; padding-left: 40px;\">3.1\tSom medlem kan optages enhver fysisk- eller juridisk person, herunder offentlig myndighed, der har relation til ejendomsbranchen.<\/p>\n<p style=\"text-align: left; padding-left: 40px;\">3.2\tOptagelse sker efter beg\u00e6ring, idet bestyrelsen afg\u00f8r om vedkommende skal optages, idet ingen har ret til at blive optaget.<\/p>\n<p style=\"text-align: left; padding-left: 40px;\">3.3\tS\u00e5fremt juridiske personer optages som medlem ud\u00f8ves medlemmets rettigheder af den tegningsberettigede. Hvis tegningsretten for den juridiske person kun kan ud\u00f8ves af flere personer i forening, skal medlemmet have meddelt foreningens bestyrelse, hvem der kan tegne medlemmet i forhold til ud\u00f8velse af medlemmets rettigheder, hvilket noteres i medlemskartoteket. Indtil s\u00e5dan besked er givet, kan medlemmet ikke ud\u00f8ve sine rettigheder, herunder stemme p\u00e5 generalforsamlinger.<\/p>\n<p style=\"text-align: left; padding-left: 40px;\">3.4\tKontingent for medlemskab fasts\u00e6ttes af generalforsamlingen og opkr\u00e6ves for et \u00e5r af gangen.<\/p>\n<p style=\"text-align: left; padding-left: 40px;\">3.5\tBestyrelsen kan ekskludere et medlem, hvis den p\u00e5g\u00e6ldende har gjort sig skyldig i v\u00e6sentlig misligholdelse af sine pligter eller p\u00e5 anden m\u00e5de groft har modarbejdet foreningens m\u00e5ls\u00e6tninger og interesser. Bestyrelsens beslutning om eksklusion kan af medlemmet kr\u00e6ves forelagt og godkendt af generalforsamlingen. Godkendelse kr\u00e6ver simpel stemmeflerhed blandt de fremm\u00f8dte stemmeberettigede medlemmer. <\/p>\n<p style=\"text-align: left; padding-left: 40px;\">3.6 Medlemmet kan udmelde sig af foreningen ved skriftlig meddelelse til bestyrelsen. Udmeldelsen skal ske senest den 30. november i det p\u00e5g\u00e6ldende \u00e5r for at have virkning fra den 1. januar i det f\u00f8lgende kalender\u00e5r. S\u00e5fremt udmeldelsen ikke er modtaget af bestyrelsen inden denne frist, anses medlemmet for at v\u00e6re bundet af foreningens vedt\u00e6gter og forpligtelser, herunder betaling af kontingent, for det efterf\u00f8lgende \u00e5r. <\/p>\n<p style=\"text-align: left; padding-left: 40px;\"><b data-fusion-font=\"true\" style=\"font-size: 20px;\">4. Generalforsamling<\/b><\/p>\n<p style=\"text-align: left; padding-left: 40px;\">4.1\tGeneralforsamlingen er foreningens \u00f8verste myndighed.<\/p>\n<p style=\"text-align: left; padding-left: 40px;\">4.2\tOrdin\u00e6r generalforsamling afholdes en gang om \u00e5ret i april m\u00e5ned.<\/p>\n<p style=\"text-align: left; padding-left: 40px;\">4.3\tGeneralforsamlinger indkaldes ved elektronisk post til de noterede medlemmer med et varsel p\u00e5 mindst 14 dage. <\/p>\n<p style=\"text-align: left; padding-left: 40px;\">4.4\tDagsordenen for den ordin\u00e6re generalforsamling skal omfatte:<\/p>\n<p style=\"text-align: left; padding-left: 80px;\">1.\tValg af dirigent<\/p>\n<p style=\"text-align: left; padding-left: 80px;\">2.\tBestyrelsens beretning<\/p>\n<p style=\"text-align: left; padding-left: 80px;\">3.\tForel\u00e6ggelse af \u00e5rsrapport til godkendelse<\/p>\n<p style=\"text-align: left; padding-left: 80px;\">4.\tGennemgang af budget til orientering og fasts\u00e6ttelse af kontingent<\/p>\n<p style=\"text-align: left; padding-left: 80px;\">5.\tEvt. forslag<\/p>\n<p style=\"text-align: left; padding-left: 80px;\">6.\tValg af bestyrelsesmedlemmer<\/p>\n<p style=\"text-align: left; padding-left: 80px;\">7.\tValg af suppleant<\/p>\n<p style=\"text-align: left; padding-left: 80px;\">8.\tValg af revisorer<\/p>\n<p style=\"text-align: left; padding-left: 80px;\">9.\tEventuelt<\/p>\n<p style=\"text-align: left; padding-left: 40px;\">4.5\tForslag fra et medlem til behandling p\u00e5 den ordin\u00e6re generalforsamling skal afgives skriftligt til bestyrelsen inden udgangen af februar m\u00e5ned. Evt. forslag skal fremg\u00e5 af indkaldelsen til generalforsamling. S\u00e5fremt der ikke er tilstr\u00e6kkeligt antal opstillede kandidater til de bestyrelsesposter, der er p\u00e5 valg, skal bestyrelsen inden 4 uger fra den ordin\u00e6re generalforsamling afholde en ekstraordin\u00e6r generalforsamling med henblik p\u00e5 at v\u00e6lge kandidater til de resterende bestyrelsesposter.<\/p>\n<p style=\"text-align: left; padding-left: 40px;\">4.6\tKandidater til bestyrelsen, som suppleant og revisor skal v\u00e6re meddelt bestyrelsen skriftligt inden udgangen af februar for at v\u00e6re valgbare. Kandidaterne skal ved navn fremg\u00e5 af indkaldelsen til generalforsamlingen.<\/p>\n<p style=\"text-align: left; padding-left: 40px;\">4.7\tSom medlem af bestyrelsen kan kun v\u00e6lges personer, der personligt eller som daglig ledelse i en juridisk person, ejer og udlejer fast ejendom.<\/p>\n<p style=\"text-align: left; padding-left: 40px;\">4.8\tP\u00e5 generalforsamlingen har hvert medlem en stemme. <\/p>\n<p style=\"text-align: left; padding-left: 40px;\">4.9\tDer kan ikke stemmes ved fuldmagt.<\/p>\n<p style=\"text-align: left; padding-left: 40px;\">4.10\tAfstemning foreg\u00e5r skriftligt, hvis dirigenten bestemmer det, eller hvis bestyrelsen eller mindst halvdelen af de tilstedev\u00e6rende stemmeberettigede medlemmer kr\u00e6ver det.<\/p>\n<p style=\"text-align: left; padding-left: 40px;\">4.11\tAlle sp\u00f8rgsm\u00e5l afg\u00f8res ved almindeligt flertal, medmindre andet er foreskrevet i vedt\u00e6gterne.<\/p>\n<p style=\"text-align: left; padding-left: 40px;\"><b data-fusion-font=\"true\" style=\"font-size: 20px;\">5. Ekstraordin\u00e6r generalforsamling<\/b><\/p>\n<p style=\"text-align: left; padding-left: 40px;\">5.1\tEkstraordin\u00e6r generalforsamling afholdes ved bestyrelsens beslutning eller s\u00e5fremt 40 medlemmer kr\u00e6ver det. <\/p>\n<p style=\"text-align: left; padding-left: 40px;\">5.2\tIndkaldelse sker p\u00e5 samme m\u00e5de og med samme varsel som ved ordin\u00e6r generalforsamling.<\/p>\n<p style=\"text-align: left; padding-left: 40px;\">5.3\tVedr\u00f8rer den ekstraordin\u00e6re generalforsamling valg af medlemmer til bestyrelsen, valg af suppleant eller revisor, skal kandidaterne fremg\u00e5 af indkaldelsen for at v\u00e6re valgbare. Bestyrelsen skal derfor inden indkaldelse til den ekstraordin\u00e6re generalforsamling ved elektronisk post og med en frist p\u00e5 mindst 14 dage opfordre medlemmerne til at fremkomme med forslag til kandidater.<\/p>\n<p style=\"text-align: left; padding-left: 40px;\">5.4\tPkt. 4.7, 4.8, 4.9 og 4.10 finder ogs\u00e5 anvendelse ved ekstraordin\u00e6re generalforsamlinger.<\/p>\n<p style=\"text-align: left; padding-left: 40px;\"><b data-fusion-font=\"true\" style=\"font-size: 20px;\">6. Bestyrelse<\/b><\/p>\n<p style=\"text-align: left; padding-left: 40px;\">6.1\tForeningen ledes af en bestyrelse p\u00e5 5 medlemmer. <\/p>\n<p style=\"text-align: left; padding-left: 40px;\">6.2\tI lige \u00e5r v\u00e6lges 3 medlemmer og i ulige \u00e5r v\u00e6lges 2 medlemmer.<\/p>\n<p style=\"text-align: left; padding-left: 40px;\">6.3\tHvert medlem v\u00e6lges for en 2-\u00e5rig periode. Genvalg kan finde sted.<\/p>\n<p style=\"text-align: left; padding-left: 40px;\">6.4\tBestyrelsen v\u00e6lger selv en formand hvert \u00e5r efter generalforsamlingen.<\/p>\n<p style=\"text-align: left; padding-left: 40px;\">6.5\tBestyrelsesm\u00f8der afholdes s\u00e5 ofte formanden finder det forn\u00f8dent eller s\u00e5fremt mindst 2 bestyrelsesmedlemmer kr\u00e6ver det.<\/p>\n<p style=\"text-align: left; padding-left: 40px;\">6.6\tBestyrelsen er beslutningsdygtig, n\u00e5r mindst tre medlemmer deltager. Beslutninger tr\u00e6ffes ved simpelt flertal. Ved stemmelighed er formandens stemme afg\u00f8rende.<\/p>\n<p style=\"text-align: left; padding-left: 40px;\">6.7\tOver bestyrelsesm\u00f8derne f\u00f8res en protokol.<\/p>\n<p style=\"text-align: left; padding-left: 40px;\"><b data-fusion-font=\"true\" style=\"font-size: 20px;\">7. Suppleant<\/b><\/p>\n<p style=\"text-align: left; padding-left: 40px;\">7.1\tGeneralforsamlingen v\u00e6lger hvert \u00e5r en suppleant til bestyrelsen. Bestyrelsen kan beslutte at suppleanten deltager p\u00e5 bestyrelsesm\u00f8der, som observant.<\/p>\n<p style=\"text-align: left; padding-left: 40px;\"><b data-fusion-font=\"true\" style=\"font-size: 20px;\">8. Foreningens regnskabs\u00e5r<\/b><\/p>\n<p style=\"text-align: left; padding-left: 40px;\">8.1\tForeningens regnskabs\u00e5r l\u00f8ber fra 1. januar til 31. december. <\/p>\n<p style=\"text-align: left; padding-left: 40px;\">8.2\tRevision af foreningens regnskaber foretages af en af generalforsamlingen valgt registreret eller statsautoriseret revisor.<\/p>\n<p style=\"text-align: left; padding-left: 40px;\"><b data-fusion-font=\"true\" style=\"font-size: 20px;\">9. Tegningsregler<\/b><\/p>\n<p style=\"text-align: left; padding-left: 40px;\">9.1\tForeningen tegnes af formanden og to menige bestyrelsesmedlemmer.<\/p>\n<p style=\"text-align: left; padding-left: 40px;\"><b data-fusion-font=\"true\" style=\"font-size: 20px;\">10. Elektronisk kommunikation<\/b><\/p>\n<p style=\"text-align: left; padding-left: 40px;\">10.1\tForeningen kan anvende elektronisk dokumentudveksling og elektronisk post i kommunikationen med medlemmerne. Herunder kan tilmelding til generalforsamling, indkaldelse til generalforsamling, herunder dagsorden, beslutningsforslag, \u00e5rsrapport og andre dokumenter, referat af generalforsamling, og andre generelle og individuelle oplysninger kommunikeres elektronisk.<\/p>\n<p style=\"text-align: left; padding-left: 40px;\">10.2\tKommunikation mellem foreningen og medlemmerne foreg\u00e5r via de elektroniske adresser, som parterne har oplyst over for hinanden.<\/p>\n<p style=\"text-align: left; padding-left: 40px;\"><b data-fusion-font=\"true\" style=\"font-size: 20px;\">11. Vedt\u00e6gts\u00e6ndringer og opl\u00f8sning<\/b><\/p>\n<p style=\"text-align: left; padding-left: 40px;\">11.1\tVedt\u00e6gts\u00e6ndringer og beslutning om foreningens opl\u00f8sning kan af generalforsamlingen alene vedtages, s\u00e5fremt 2\/3 af de fremm\u00f8dte stemmeberettigede medlemmer stemmer for.<\/p>\n<p style=\"text-align: left; padding-left: 40px;\">11.2\tVed oph\u00f8r tilfalder foreningens formue Danske Udlejere.<\/p>\n<p style=\"text-align: left; padding-left: 40px;\">&#8212;<\/p>\n<p style=\"text-align: left; padding-left: 40px;\">N\u00e6rv\u00e6rende vedt\u00e6gter er vedtaget p\u00e5 den ordin\u00e6re generalforsamling afholdt den 28. april 2025.<\/p>\n<\/td>\n<\/tr>\n<\/tbody>\n<\/table>\n<\/div><\/div><\/div><style type=\"text\/css\">.fusion-body .fusion-builder-column-0{width:100% !important;margin-top : 0px;margin-bottom : 20px;}.fusion-builder-column-0 > .fusion-column-wrapper {padding-top : 0px !important;padding-right : 0px !important;margin-right : 1.92%;padding-bottom : 0px !important;padding-left : 0px !important;margin-left : 1.92%;}@media only screen and (max-width:1024px) {.fusion-body .fusion-builder-column-0{width:100% !important;order : 0;}.fusion-builder-column-0 > .fusion-column-wrapper {margin-right : 1.92%;margin-left : 1.92%;}}@media only screen and (max-width:640px) {.fusion-body .fusion-builder-column-0{width:100% !important;order : 0;}.fusion-builder-column-0 > .fusion-column-wrapper {margin-right : 1.92%;margin-left : 1.92%;}}<\/style><\/div><style type=\"text\/css\">.fusion-body .fusion-flex-container.fusion-builder-row-1{ padding-top : 0px;margin-top : 0px;padding-right : 0px;padding-bottom : 0px;margin-bottom : 0px;padding-left : 0px;}<\/style><\/div>\n","protected":false},"excerpt":{"rendered":"","protected":false},"author":1,"featured_media":0,"parent":1362,"menu_order":0,"comment_status":"closed","ping_status":"closed","template":"","meta":{"footnotes":""},"class_list":["post-1420","page","type-page","status-publish","hentry"],"_links":{"self":[{"href":"https:\/\/udlejerforeningen-svendborg.dk\/index.php?rest_route=\/wp\/v2\/pages\/1420","targetHints":{"allow":["GET"]}}],"collection":[{"href":"https:\/\/udlejerforeningen-svendborg.dk\/index.php?rest_route=\/wp\/v2\/pages"}],"about":[{"href":"https:\/\/udlejerforeningen-svendborg.dk\/index.php?rest_route=\/wp\/v2\/types\/page"}],"author":[{"embeddable":true,"href":"https:\/\/udlejerforeningen-svendborg.dk\/index.php?rest_route=\/wp\/v2\/users\/1"}],"replies":[{"embeddable":true,"href":"https:\/\/udlejerforeningen-svendborg.dk\/index.php?rest_route=%2Fwp%2Fv2%2Fcomments&post=1420"}],"version-history":[{"count":12,"href":"https:\/\/udlejerforeningen-svendborg.dk\/index.php?rest_route=\/wp\/v2\/pages\/1420\/revisions"}],"predecessor-version":[{"id":1651,"href":"https:\/\/udlejerforeningen-svendborg.dk\/index.php?rest_route=\/wp\/v2\/pages\/1420\/revisions\/1651"}],"up":[{"embeddable":true,"href":"https:\/\/udlejerforeningen-svendborg.dk\/index.php?rest_route=\/wp\/v2\/pages\/1362"}],"wp:attachment":[{"href":"https:\/\/udlejerforeningen-svendborg.dk\/index.php?rest_route=%2Fwp%2Fv2%2Fmedia&parent=1420"}],"curies":[{"name":"wp","href":"https:\/\/api.w.org\/{rel}","templated":true}]}}